{"id":654,"date":"2026-03-02T15:43:51","date_gmt":"2026-03-02T13:43:51","guid":{"rendered":"https:\/\/tietoisuusyhdistaameidat.fi\/?page_id=654"},"modified":"2026-03-13T10:15:13","modified_gmt":"2026-03-13T08:15:13","slug":"etusivu","status":"publish","type":"page","link":"https:\/\/tietoisuusyhdistaameidat.fi\/","title":{"rendered":"Etusivu"},"content":{"rendered":"\n<figure class=\"wp-block-image size-large\"><img loading=\"lazy\" decoding=\"async\" width=\"834\" height=\"1024\" src=\"https:\/\/tietoisuusyhdistaameidat.fi\/wp-content\/uploads\/2026\/03\/IMG20260220124129-834x1024.jpg\" alt=\"\" class=\"wp-image-658\" srcset=\"https:\/\/tietoisuusyhdistaameidat.fi\/wp-content\/uploads\/2026\/03\/IMG20260220124129-834x1024.jpg 834w, https:\/\/tietoisuusyhdistaameidat.fi\/wp-content\/uploads\/2026\/03\/IMG20260220124129-244x300.jpg 244w, https:\/\/tietoisuusyhdistaameidat.fi\/wp-content\/uploads\/2026\/03\/IMG20260220124129-768x944.jpg 768w, https:\/\/tietoisuusyhdistaameidat.fi\/wp-content\/uploads\/2026\/03\/IMG20260220124129-1250x1536.jpg 1250w, https:\/\/tietoisuusyhdistaameidat.fi\/wp-content\/uploads\/2026\/03\/IMG20260220124129-1667x2048.jpg 1667w\" sizes=\"auto, (max-width: 834px) 100vw, 834px\" \/><\/figure>\n\n\n\n<h3 class=\"wp-block-heading\">Mielen tuolla puolen on tietoisuus<\/h3>\n\n\n\n<p><strong>Oletko valmis her\u00e4\u00e4m\u00e4\u00e4n toisenlaiseen todellisuuteen?<\/strong><\/p>\n\n\n\n<p><em>Mielen tuolla puolen on tietoisuus<\/em> on henkioppaan v\u00e4litt\u00e4m\u00e4 kutsu n\u00e4hd\u00e4 itsemme osana valtavaa kokonaisuutta. Teos johdattaa lukijan mielen rauhattoman melun tuolla puolen avautuvaan yhteiseen tietoisuuteen vastaten syviin kysymyksiin sielun ikuisesta matkasta, el\u00e4m\u00e4n todellisesta luonteesta ja kuoleman j\u00e4lkeisest\u00e4 jatkumosta. Se ei vaadi uskontoa tai oppeja \u2013 se on lempe\u00e4 opas kotiin, siihen korkeimpaan \u00e4lyyn, joka vallitsee kaikkialla maailmankaikkeudessa.<\/p>\n\n\n\n<p>Vastik\u00e4\u00e4n julkaistu kirja on saatavissa sek\u00e4 painettuna ett\u00e4 e-kirjana. Voit hankkia teoksen suoraan BoD-verkkokaupasta alla olevan linkin kautta:<\/p>\n\n\n\n<p><strong><a target=\"_blank\" rel=\"noreferrer noopener\" href=\"https:\/\/www.bod.fi\">Tilaa kirja t\u00e4st\u00e4 (BoD-verkkokauppa)<\/a><\/strong><\/p>\n\n\n\n<p><\/p>\n\n\n\n<p><\/p>\n","protected":false},"excerpt":{"rendered":"<p>Mielen tuolla puolen on tietoisuus Oletko valmis her\u00e4\u00e4m\u00e4\u00e4n toisenlaiseen todellisuuteen? Mielen tuolla puolen on tietoisuus on henkioppaan v\u00e4litt\u00e4m\u00e4 kutsu n\u00e4hd\u00e4 itsemme osana valtavaa kokonaisuutta. Teos johdattaa lukijan mielen rauhattoman melun tuolla puolen avautuvaan yhteiseen tietoisuuteen vastaten syviin kysymyksiin sielun ikuisesta matkasta, el\u00e4m\u00e4n todellisesta luonteesta ja kuoleman j\u00e4lkeisest\u00e4 jatkumosta. Se ei vaadi uskontoa tai oppeja \u2013 [&hellip;]<\/p>\n","protected":false},"author":1,"featured_media":0,"parent":0,"menu_order":0,"comment_status":"closed","ping_status":"closed","template":"","meta":{"footnotes":""},"class_list":["post-654","page","type-page","status-publish","hentry"],"_links":{"self":[{"href":"https:\/\/tietoisuusyhdistaameidat.fi\/index.php?rest_route=\/wp\/v2\/pages\/654","targetHints":{"allow":["GET"]}}],"collection":[{"href":"https:\/\/tietoisuusyhdistaameidat.fi\/index.php?rest_route=\/wp\/v2\/pages"}],"about":[{"href":"https:\/\/tietoisuusyhdistaameidat.fi\/index.php?rest_route=\/wp\/v2\/types\/page"}],"author":[{"embeddable":true,"href":"https:\/\/tietoisuusyhdistaameidat.fi\/index.php?rest_route=\/wp\/v2\/users\/1"}],"replies":[{"embeddable":true,"href":"https:\/\/tietoisuusyhdistaameidat.fi\/index.php?rest_route=%2Fwp%2Fv2%2Fcomments&post=654"}],"version-history":[{"count":7,"href":"https:\/\/tietoisuusyhdistaameidat.fi\/index.php?rest_route=\/wp\/v2\/pages\/654\/revisions"}],"predecessor-version":[{"id":701,"href":"https:\/\/tietoisuusyhdistaameidat.fi\/index.php?rest_route=\/wp\/v2\/pages\/654\/revisions\/701"}],"wp:attachment":[{"href":"https:\/\/tietoisuusyhdistaameidat.fi\/index.php?rest_route=%2Fwp%2Fv2%2Fmedia&parent=654"}],"curies":[{"name":"wp","href":"https:\/\/api.w.org\/{rel}","templated":true}]}}